hest common divisor of 34 and 238.
34
What is the highest common divisor of 2067 and 78?
39
Calculate the greatest common factor of 2976 and 62.
62
What is the greatest common factor of 4392 and 72?
72
What is the greatest common factor of 880 and 792?
88
What is the highest common divisor of 1510 and 60?
10
Calculate the highest common factor of 4960 and 8.
8
What is the greatest common factor of 27530 and 10?
10
Calculate the highest common factor of 5488 and 98.
98
Calculate the greatest common factor of 40929 and 21.
21
What is the greatest common divisor of 1088 and 64?
64
Calculate the highest common divisor of 4753 and 1552.
97
What is the greatest common divisor of 165 and 55?
55
Calculate the greatest common factor of 7256 and 8.
8
What is the greatest common divisor of 16 and 568?
8
Calculate the highest common divisor of 590 and 177.
59
What is the greatest common factor of 221 and 289?
17
What is the greatest common divisor of 77 and 973?
7
What is the highest common divisor of 31 and 589?
31
What is the highest common divisor of 54 and 2214?
54
Calculate the highest common divisor of 62 and 56234.
62
What is the highest common divisor of 39 and 1833?
39
Calculate the greatest common divisor of 36 and 3792.
12
What is the greatest common factor of 12 and 27?
3
What is the highest common factor of 710 and 2070?
10
Calculate the highest common factor of 190 and 110.
10
Calculate the highest common factor of 484 and 44.
44
Calculate the greatest common divisor of 45 and 99.
9
Calculate the highest common divisor of 301 and 14.
7
What is the greatest common divisor of 522 and 18?
18
What is the highest common factor of 220 and 33?
11
Calculate the greatest common divisor of 68 and 55692.
68
Calculate the highest common factor of 754 and 286.
26
Calculate the greatest common divisor of 8 and 10616.
8
Calculate the greatest common factor of 34937 and 31.
31
What is the greatest common factor of 3 and 5199?
3
What is the highest common divisor of 57 and 209?
19
Calculate the greatest common divisor of 9 and 1341.
9
What is the highest common divisor of 495 and 45?
45
Calculate the highest common factor of 68 and 306.
34
Calculate the greatest common divisor of 270 and 630.
90
Calculate the highest common divisor of 42485 and 145.
145
Calculate the greatest common divisor of 4498 and 4.
2
What is the greatest common divisor of 12 and 36?
12
What is the highest common divisor of 117 and 156?
39
What is the greatest common factor of 42 and 150?
6
What is the greatest common factor of 90 and 285?
15
What is the highest common divisor of 90 and 990?
90
What is the highest common divisor of 438 and 6?
6
Calculate the highest common factor of 5830 and 66.
22
Calculate the highest common factor of 35 and 6643.
7
What is the highest common factor of 210 and 5635?
35
Calculate the highest common divisor of 52 and 20.
4
Calculate the greatest common divisor of 40 and 1640.
40
Calculate the highest common factor of 80 and 31120.
80
What is the greatest common factor of 832 and 78?
26
Calculate the greatest common factor of 56 and 8176.
56
What is the highest common divisor of 44 and 121?
11
What is the highest common divisor of 361 and 57?
19
Calculate the highest common factor of 1107 and 54.
27
Calculate the greatest common divisor of 182 and 312.
26
What is the greatest common divisor of 55 and 5?
5
Calculate the highest common divisor of 243 and 801.
9
Calculate the greatest common factor of 183 and 427.
61
Calculate the greatest common factor of 67 and 63851.
67
Calculate the greatest common factor of 169 and 11323.
169
Calculate the highest common factor of 44 and 297.
11
Calculate the greatest common divisor of 119 and 35.
7
Calculate the greatest common factor of 3233 and 122.
61
Calculate the greatest common divisor of 3025 and 22.
11
Calculate the highest common factor of 7047 and 58.
29
What is the highest common factor of 128 and 2656?
32
What is the highest common divisor of 28 and 469?
7
What is the greatest common factor of 14 and 238?
14
What is the greatest common divisor of 42 and 66?
6
What is the highest common divisor of 39 and 75?
3
Calculate the greatest common divisor of 585 and 225.
45
What is the greatest common factor of 30 and 1830?
30
Calculate the highest common divisor of 45 and 9.
9
Calculate the greatest common factor of 37 and 555.
37
What is the highest common factor of 2 and 733?
1
Calculate the greatest common divisor of 33 and 825.
33
What is the highest common factor of 192 and 496?
16
What is the greatest common factor of 28 and 10423?
7
What is the greatest common divisor of 280 and 40?
40
Calculate the highest common divisor of 84 and 4732.
28
What is the greatest common factor of 391 and 414?
23
Calculate the greatest common divisor of 12 and 708.
12
Calculate the greatest common factor of 36 and 20.
4
Calculate the highest common divisor of 41 and 4961.
41
Calculate the greatest common divisor of 3324 and 48.
12
Calculate the greatest common divisor of 88 and 104.
8
Calculate the highest common divisor of 24 and 324.
12
What is the greatest common divisor of 91 and 39?
13
What is the highest common factor of 72 and 888?
24
What is the greatest common divisor of 957 and 33?
33
What is the greatest common divisor of 528 and 2508?
132
What is the highest common divisor of 143 and 910?
13
Calculate the greatest common factor of 11 and 704.
11
Calculate the greatest common divisor of 945 and 95.
5
Calculate the greatest common factor of 494 and 38.
38
Calculate the highest common factor of 214 and 40874.
214
Calculate the highest common divisor of 3 and 42.
3
What is the greatest common factor of 15 and 150?
15
Calculate the greatest common divisor of 133 and 247.
19
What is the highest common factor of 152 and 32?
8
What is the greatest common factor of 909 and 171?
9
Calculate the greatest common divisor of 15 and 65.
5
Calculate the greatest common divisor of 4 and 928.
4
What is the greatest common divisor of 16 and 400?
16
What is the greatest common factor of 507 and 117?
39
Calculate the highest common factor of 130 and 442.
26
Calculate the highest common divisor of 22898 and 214.
214
Calculate the greatest common factor of 352 and 154.
22
Calculate the highest common divisor of 57 and 608.
19
What is the highest common factor of 1 and 23?
1
Calculate the highest common divisor of 8474 and 2230.
446
What is the greatest common divisor of 147 and 63?
21
What is the greatest common factor of 6258 and 546?
42
Calculate the highest common factor of 3236 and 28.
4
What is the highest common divisor of 64 and 9104?
16
What is the greatest common divisor of 3193 and 618?
103
Calculate the highest common factor of 5589 and 276.
69
Calculate the highest common divisor of 65 and 9711.
13
What is the greatest common divisor of 7 and 98?
7
What is the highest common factor of 1120 and 70?
70
What is the greatest common factor of 12 and 4974?
6
Calculate the greatest common divisor of 264 and 616.
88
Calculate the highest common factor of 5 and 15.
5
What is the highest common factor of 105 and 30?
15
What is the greatest common divisor of 290 and 110?
10
Calculate the greatest common factor of 644 and 16583.
161
What is the greatest common factor of 154 and 33?
11
Calculate the highest common divisor of 560 and 32.
16
Calculate the highest common factor of 8 and 244.
4
What is the highest common factor of 2896 and 320?
16
Calculate the highest common divisor of 152 and 418.
38
Calculate the greatest common divisor of 32 and 46.
2
What is the greatest common divisor of 14 and 91?
7
What is the highest common factor of 2 and 274?
2
Calculate the greatest common divisor of 32 and 9968.
16
What is the greatest common divisor of 102 and 162?
6
What is the highest common factor of 204 and 60?
12
Calculate the greatest common factor of 475 and 25.
25
What is the greatest common factor of 60 and 11580?
60
What is the highest common factor of 72 and 1368?
72
Calculate the highest common divisor of 9845 and 11.
11
What is the highest common factor of 39 and 286?
13
Calculate the greatest common factor of 1212 and 12.
12
What is the greatest common divisor of 2952 and 36?
36
Calculate the greatest common divisor of 11535 